48. What are the prime factors of x?
2, 5, 7, 83
Let q be (-2)/4 + 7 + 1675/(-2). Let d be q*(14/56)/(6/(-8)). Let u = d + -39. What are the prime factors of u?
2, 7, 17
Let u(r) = 2*r**2 + 8*r - 6. Let g(k) = k**2 + 2*k - 4. Let f be g(-4). Suppose 5*x + z + 35 = 0, f*z - 7*z = -3*x - 39. What are the prime factors of u(x)?
2, 29
Suppose 0 = -2*n - 3*p - 269, -4*n - 29*p - 543 = -24*p. Suppose 5*y - 942 = 478. Let k = y + n. List the prime factors of k.
2, 71
Let y(o) = -5*o + 7. Let d(i) = 14*i + 22*i + 7 - 47*i + 6. Let c(h) = 4*d(h) - 7*y(h). What are the prime factors of c(-5)?
2, 3
Let s be 2 + (-28)/6 + (-11)/33. Let h(r) = 2*r**2 + 7*r + 1. Let w be h(s). Let u(a) = -6*a - 1. What are the prime factors of u(w)?
11
Suppose -3*f + 3*u = -9531, 0 = 5*f + 4*u - 7625 - 8233. Suppose 0 = -q - 2*y + 796, 0 = -4*q - 6*y + 3*y + f. What are the prime factors of q?
2, 3, 11
Let u = 41 - 21. Let d(y) = -4*y**3 - 24 + 5 + u*y**2 + 8*y**3 - 5*y**3 - 12*y. What are the prime factors of d(19)?
2, 3, 19
List the prime factors of 2145*(-1)/14*-14.
3, 5, 11, 13
Let x(r) = 2*r**3 - 14*r**2 + 12*r. Let b be x(6). Suppose 5*p - 4*t + 670 - 2339 = b, 2*p = -4*t + 662. List the prime factors of p.
3, 37
Suppose 9288 = -12*w - 6*w. Let a = w + 1032. List the prime factors of a.
2, 3, 43
Let v = 698 + -674. Suppose -v*y + 13092 = -5484. List the prime factors of y.
2, 3, 43
What are the prime factors of (-2 + (-1148 - 6))*(-5 - 2)?
2, 7, 17
Suppose -3*v + 4*v = -6*v. Suppose 3*a - 27 - 582 = v. What are the prime factors of a?
7, 29
Suppose 65*m - 12055 = 47*m + 116465. What are the prime factors of m?
2, 3, 5, 7, 17
Let m(n) = 6776*n - 33. Let o be m(-2). What are the prime factors of (-1)/((-4)/(-1) - o/(-3395))?
7, 97
Suppose 120*q - 298056 = -144*q. What are the prime factors of q?
1129
Let y(d) = 511*d + 53. Let i be y(-5). Let u = i + 3856. List the prime factors of u.
2, 677
Let v(b) = 54 + 87 - 32*b - 9. List the prime factors of v(-6).
2, 3
Let j = 107547 - 32745. List the prime factors of j.
2, 3, 7, 13, 137
Let c = -739 - -2460. List the prime factors of c.
1721
Let l(y) = 3*y**2 - 8*y + 1314. What are the prime factors of l(-47)?
8317
Let s(c) = -2557*c + 364. List the prime factors of s(-6).
2, 7853
Suppose 254*a + 280902 = 1378182. List the prime factors of a.
2, 3, 5
Let r = -30157 - -86182. What are the prime factors of r?
3, 5, 83
Suppose 6909 = 5*j - 2*z, -3*z = -j + 1379 + 8. What are the prime factors of j?
1381
Let r be (-12)/(-6) - (1 + -1). Let n(h) = 24*h - 6. Let k(g) = -g + 1. Let q(z) = 10*k(z) + 2*n(z). List the prime factors of q(r).
2, 37
Suppose 14*l - l = -9477. Let p = l + 1261. List the prime factors of p.
2, 7, 19
Suppose 0 = -19*q + 42*q - 4577. Let k = q - -360. What are the prime factors of k?
13, 43
Suppose 3*j = -w + 16, 6*w - w - 4 = 4*j. Let v be (-256 + 4)*(3 + (-14)/j). Let x = -100 + v. What are the prime factors of x?
2, 13
Let v(q) = 199*q - 4. Let n be (-2)/(4/(-7)) + 156/(-104). What are the prime factors of v(n)?
2, 197
Suppose -9*y = -12*y + 237. Suppose -4*s - 106 = -5*z, y - 27 = 2*z - 4*s. What are the prime factors of z?
2, 3
Let w(g) = 4 + 3 + 10 + 8 + g**3 + 17*g**2 + 6*g. What are the prime factors of w(-11)?
5, 137
What are the prime factors of (-2 + 1 + 2 + 3)/((-1836)/(-17548029))?
38231
Let q(s) = 26 - 38*s + 8 + s**2 + 42*s. List the prime factors of q(15).
11, 29
Let o(k) = 55*k**3 - 5*k**2 - 3*k + 2. Let r(q) = -q**2 + 1. Let g(u) = -o(u) + 5*r(u). List the prime factors of g(-1).
5, 11
Let w(r) = r**2 + 14*r - 4. Let i be w(-12). What are the prime factors of 24/(i/(-24) + -1)?
2, 3
Let c(z) = -z**3 - 9*z**2 + 15*z - 4. Let l(j) = -11*j**2 - 2*j + 1. Let q be l(1). Let a be c(q). Let o = -160 + a. What are the prime factors of o?
2, 11
Let k = 999 - -36145. List the prime factors of k.
2, 4643
Let m(r) = 2*r**2 - 2*r - 2. Let z be m(2). Let l(w) = -16 - 2*w**3 - 2*w**2 + 23*w**z + w**2 + 3 + 7*w. List the prime factors of l(11).
2
Let n = 4258 + 2819. What are the prime factors of n?
3, 7, 337
List the prime factors of -7*-12605*(-7)/(-245).
2521
Let m = -3730 - -19766. What are the prime factors of m?
2, 19, 211
List the prime factors of (-2)/6*(-41361 + -117).
2, 31, 223
Let j = 2166 + 3475. What are the prime factors of j?
5641
Let y(m) be the third derivative of 13*m**4/24 - 41*m**3/6 - 24*m**2. What are the prime factors of y(8)?
3, 7
Suppose 0 = 4*b + 20, -3*v - 5*b = -10*b - 55. Suppose 2645 = 4*j + 4*w - 683, -2*w = -v. List the prime factors of j.
827
Let l(z) = 64*z + 11. Let c(r) = -r - 1. Let d(i) = -2*c(i) + l(i). List the prime factors of d(11).
739
What are the prime factors of 4*(4 - 1) - (-8474 + 586)?
2, 5, 79
Suppose 3*v - 45*v = -9*v - 1394514. List the prime factors of v.
2, 3, 7043
Suppose -305325 = 176*z - 191*z. List the prime factors of z.
3, 5, 23, 59
Let m(l) = 14*l**2 - 25*l - 9. Let o be m(-7). Suppose 5*u - 246 - 779 = 5*c, 4*u + 4*c = o. What are the prime factors of u?
11, 19
Suppose 0 = s - 4*j - 1293, 5*j + 4585 = 3*s + 741. Let p = s + -685. What are the prime factors of p?
2, 3, 7
Suppose -3*d + 3*g - 64 = -2*g, 0 = g - 5. Let v(l) = -2*l - 17. Let h be v(d). Suppose -h*o + 279 = -6*o. What are the prime factors of o?
3, 31
What are the prime factors of (-200)/(4 + (-2769)/689)?
2, 5, 53
Let b(v) = 24*v**3 - 7*v**2 + v - 3. Let u be b(5). Let f be (-100)/(-30)*90/20. Suppose -u = -f*j + 893. What are the prime factors of j?
2, 31
Let y(c) = -12*c**3 - 4*c**2 - 4*c - 6. Let l be y(-3). Suppose -11*d - 3*d + l = 0. Let b = -19 + d. What are the prime factors of b?
2
List the prime factors of 3049*1/(-4)*(11 - 52 - -13).
7, 3049
Let z = 0 + -6. Let d(k) = 8*k**2 - 9 + 15*k + 6*k**2 - 86*k**3 + 60*k**3 + 27*k**3. What are the prime factors of d(z)?
3, 7
Let o(i) = i**2 - 2*i - 23. Let c be o(-4). Let s(f) = 43*f + 3. List the prime factors of s(c).
2, 23
Let j(f) = -f**2 + 19*f + 71. Let i be j(22). Suppose -i*s - 434 = -1429. Suppose 8*y - 10*y - 5*r + 105 = 0, r = 4*y - s. What are the prime factors of y?
2, 5
Let l be ((-123)/4)/((-2)/8). Suppose 2*q + l = 975. Suppose -o = -j - 3*j + q, 5*j + 5*o = 520. What are the prime factors of j?
2, 53
Suppose -28*v + 321819 = -1714761. What are the prime factors of v?
3, 5, 13, 373
Let l(o) = -o**3 + 14*o**2 + 18*o - 5. Let j be l(16). Let q = j + 469. List the prime factors of q.
2, 3, 5
Let s(b) = 74*b**2 - 7*b - 13. Let n be s(-2). Let r = 444 + n. What are the prime factors of r?
3, 13, 19
Suppose -3*s - 6 = 4*f, -4*f + 16*s - 8 = 20*s. Suppose f = 2*a - 1020 + 162. What are the prime factors of a?
3, 11, 13
Let c be (8/3)/((-22)/(-33)). Suppose -h = -c*o + 3, 3*o = -3*h + 2*h + 4. List the prime factors of o*14*21/6.
7
What are the prime factors of 10 + (106860/(-5))/(-6)?
2, 19, 47
Let z(b) = -3*b - 5. Let i be 12/36 + 88/(-12). List the prime factors of z(i).
2
Let o = -3304 - -5950. List the prime factors of o.
2, 3, 7
Let u(t) = 3*t - 12. Let k be u(5). Suppose -k*q + 415 + 1250 = 0. List the prime factors of q.
3, 5, 37
Let n be -3*-3*(-1)/(-9). Let q be (-4 + n + -7)/(3 - 2). Let j(p) = p**2 - 6*p - 40. List the prime factors of j(q).
2, 3, 5
Let l(c) = -1099*c - 5619. List the prime factors of l(-20).
16361
Let c(i) = 249*i**2 + 3*i - 3. Suppose -5*l - 4*l = -18. Let r be c(l). List the prime factors of r/18*4/2.
3, 37
Let p be -203 + ((-52)/14 - (-12)/(-42)). Suppose 2*z - z = 297. Let s = p + z. What are the prime factors of s?
2, 3, 5
Let x(o) = o**3 + 13*o**2 - 17*o - 9. Let s be x(-14). Let w be (4 - s/6)*(-28)/(-3). What are the prime factors of (-1 - w) + (12 - 9)?
2
Suppose -2*o - w - 16 = 0, -3*w + 1 = 5*o + 41. Let f = o - -111. What are the prime factors of f?
103
Let f(s) = 40*s**2 - 6*s + 14. Let h be f(-7). Suppose -6*z - h = -0*z. List the prime factors of -2 + 1/((-4)/z).
2, 41
Let c(h) = -65*h**3 + 4*h**2 + 8*h + 6. Let y be c(-2). Let v = 1362 - y. What are the prime factors of v?
2, 11, 19
Let v = 13574 + -3415. List the prime factors of v.
10159
Let r(u) = 6449*u - 52. What are the prime factors of r(2)?
2, 3, 2141
Let q(w) = w**2 + 6*w - 11. Let c be q(-7). Let s(l) = 13 - 20 + 0 - 33*l + 3. List the prime factors of s(c).
2
Suppose 34*g = 38*g + 4*f + 12, -5*g = -f - 9. List the pr